{"id":11,"date":"2025-04-05T13:19:27","date_gmt":"2025-04-05T13:19:27","guid":{"rendered":"https:\/\/accesoalasalud.euskadi.medicosdelmundo.org\/medicosdelmundo\/?page_id=11"},"modified":"2025-04-05T15:56:06","modified_gmt":"2025-04-05T15:56:06","slug":"quien-puede-acceder-a-los-servicios-de-salud","status":"publish","type":"page","link":"https:\/\/accesoalasalud.euskadi.medicosdelmundo.org\/en_us\/quien-puede-acceder-a-los-servicios-de-salud\/","title":{"rendered":"\u00bfQui\u00e9n puede acceder a los servicios de salud?"},"content":{"rendered":"<div data-elementor-type=\"wp-page\" data-elementor-id=\"11\" class=\"elementor elementor-11\" data-elementor-post-type=\"page\">\n\t\t\t\t<div class=\"elementor-element elementor-element-1d29642 e-flex e-con-boxed e-con e-parent\" data-id=\"1d29642\" data-element_type=\"container\" data-settings=\"{&quot;background_background&quot;:&quot;classic&quot;}\">\n\t\t\t\t\t<div class=\"e-con-inner\">\n\t\t<div class=\"elementor-element elementor-element-897c7f0 e-con-full e-flex e-con e-child\" data-id=\"897c7f0\" data-element_type=\"container\">\n\t\t\t\t<div class=\"elementor-element elementor-element-99b126f elementor-widget elementor-widget-heading\" data-id=\"99b126f\" data-element_type=\"widget\" data-widget_type=\"heading.default\">\n\t\t\t\t<div class=\"elementor-widget-container\">\n\t\t\t\t\t<h2 class=\"elementor-heading-title elementor-size-default\">\u00bfQui\u00e9n puede acceder a los servicios de salud?<\/h2>\t\t\t\t<\/div>\n\t\t\t\t<\/div>\n\t\t\t\t<\/div>\n\t\t<div class=\"elementor-element elementor-element-5842947 e-con-full elementor-hidden-mobile e-flex e-con e-child\" data-id=\"5842947\" data-element_type=\"container\">\n\t\t\t\t<\/div>\n\t\t\t\t\t<\/div>\n\t\t\t\t<\/div>\n\t\t<div class=\"elementor-element elementor-element-cc1981b e-flex e-con-boxed e-con e-parent\" data-id=\"cc1981b\" data-element_type=\"container\">\n\t\t\t\t\t<div class=\"e-con-inner\">\n\t\t<div class=\"elementor-element elementor-element-766205c e-con-full e-flex e-con e-child\" data-id=\"766205c\" data-element_type=\"container\">\n\t\t<div class=\"elementor-element elementor-element-e0b05fb e-con-full e-flex e-con e-child\" data-id=\"e0b05fb\" data-element_type=\"container\" data-settings=\"{&quot;background_background&quot;:&quot;classic&quot;}\">\n\t\t\t\t<div class=\"elementor-element elementor-element-7247bf6 elementor-widget elementor-widget-text-editor\" data-id=\"7247bf6\" data-element_type=\"widget\" data-widget_type=\"text-editor.default\">\n\t\t\t\t<div class=\"elementor-widget-container\">\n\t\t\t\t\t\t\t\t\t<ul><li>Ciudadan@s residentes en la Comunidad Aut\u00f3noma de Euskadi<\/li><\/ul>\t\t\t\t\t\t\t\t<\/div>\n\t\t\t\t<\/div>\n\t\t\t\t<\/div>\n\t\t<div class=\"elementor-element elementor-element-d0df527 e-con-full elementor-hidden-mobile e-flex e-con e-child\" data-id=\"d0df527\" data-element_type=\"container\">\n\t\t\t\t<\/div>\n\t\t\t\t<\/div>\n\t\t<div class=\"elementor-element elementor-element-7bd96f2 e-con-full e-flex e-con e-child\" data-id=\"7bd96f2\" data-element_type=\"container\">\n\t\t<div class=\"elementor-element elementor-element-aed0849 e-con-full e-flex e-con e-child\" data-id=\"aed0849\" data-element_type=\"container\" data-settings=\"{&quot;background_background&quot;:&quot;classic&quot;}\">\n\t\t\t\t<div class=\"elementor-element elementor-element-494cbcc elementor-widget elementor-widget-text-editor\" data-id=\"494cbcc\" data-element_type=\"widget\" data-widget_type=\"text-editor.default\">\n\t\t\t\t<div class=\"elementor-widget-container\">\n\t\t\t\t\t\t\t\t\t<ul><li>Solicitantes de protecci\u00f3n internacional siempre que dispongas de\u2028<\/li><\/ul><p><br \/>a\/ Tarjeta Roja (documento acreditativo de la condici\u00f3n de solicitante en tramitaci\u00f3n de protecci\u00f3n internacional) o<br \/>b\/ Tarjeta Verde (solicitante de estatuto de ap\u00e1trida en Espa\u00f1a) o<br \/>c\/ Resguardo de presentaci\u00f3n de solicitud de protecci\u00f3n internacional<\/p>\t\t\t\t\t\t\t\t<\/div>\n\t\t\t\t<\/div>\n\t\t\t\t<\/div>\n\t\t<div class=\"elementor-element elementor-element-9d0622c e-con-full elementor-hidden-mobile e-flex e-con e-child\" data-id=\"9d0622c\" data-element_type=\"container\">\n\t\t\t\t<\/div>\n\t\t\t\t<\/div>\n\t\t<div class=\"elementor-element elementor-element-13a5c4a e-con-full e-flex e-con e-child\" data-id=\"13a5c4a\" data-element_type=\"container\">\n\t\t<div class=\"elementor-element elementor-element-1c111da e-con-full e-flex e-con e-child\" data-id=\"1c111da\" data-element_type=\"container\" data-settings=\"{&quot;background_background&quot;:&quot;classic&quot;}\">\n\t\t\t\t<div class=\"elementor-element elementor-element-525df2b elementor-widget elementor-widget-text-editor\" data-id=\"525df2b\" data-element_type=\"widget\" data-widget_type=\"text-editor.default\">\n\t\t\t\t<div class=\"elementor-widget-container\">\n\t\t\t\t\t\t\t\t\t<ul><li>Persona extranjera con autorizaci\u00f3n de estancia temporal (Dispones de visado no caducado o no han transcurrido 90 d\u00edas desde que entraste\u00a0 en Espa\u00f1a)<\/li><\/ul><p>Puedes si:<\/p><p>&#8211; Dispones de informe favorable de los servicios sociales de base<br \/>&#8211; Eres una persona embarazada y\/o menor de edad y careces de seguro m\u00e9dico privado o p\u00fablico (tarjeta sanitaria europea, por ejemplo)<\/p><p>Cuando cumples cualquiera de las dos opciones anteriores tienes derecho a asistencia sanitaria p\u00fablica.<\/p><p>Si no es el caso, podr\u00e1s recibir asistencia sanitaria, pero te ser\u00e1 facturada o puedes llamar a los servicios de M\u00e9dicos del Mundo en Bilbao o en Vitoria.<\/p>\t\t\t\t\t\t\t\t<\/div>\n\t\t\t\t<\/div>\n\t\t\t\t<\/div>\n\t\t<div class=\"elementor-element elementor-element-ebd6974 e-con-full elementor-hidden-mobile e-flex e-con e-child\" data-id=\"ebd6974\" data-element_type=\"container\">\n\t\t\t\t<\/div>\n\t\t\t\t<\/div>\n\t\t<div class=\"elementor-element elementor-element-c5f7de5 e-con-full e-flex e-con e-child\" data-id=\"c5f7de5\" data-element_type=\"container\">\n\t\t<div class=\"elementor-element elementor-element-f6794aa e-con-full e-flex e-con e-child\" data-id=\"f6794aa\" data-element_type=\"container\" data-settings=\"{&quot;background_background&quot;:&quot;classic&quot;}\">\n\t\t\t\t<div class=\"elementor-element elementor-element-ababd13 elementor-widget elementor-widget-text-editor\" data-id=\"ababd13\" data-element_type=\"widget\" data-widget_type=\"text-editor.default\">\n\t\t\t\t<div class=\"elementor-widget-container\">\n\t\t\t\t\t\t\t\t\t<ul><li>Solicitantes de protecci\u00f3n internacional siempre que dispongas de\u2028<\/li><\/ul><p><br \/>a\/ Tarjeta Roja (documento acreditativo de la condici\u00f3n de solicitante en tramitaci\u00f3n de protecci\u00f3n internacional) o<br \/>b\/ Tarjeta Verde (solicitante de estatuto de ap\u00e1trida en Espa\u00f1a) o<br \/>c\/ Resguardo de presentaci\u00f3n de solicitud de protecci\u00f3n internacional<\/p>\t\t\t\t\t\t\t\t<\/div>\n\t\t\t\t<\/div>\n\t\t\t\t<\/div>\n\t\t<div class=\"elementor-element elementor-element-47eaa23 e-con-full elementor-hidden-mobile e-flex e-con e-child\" data-id=\"47eaa23\" data-element_type=\"container\">\n\t\t\t\t<\/div>\n\t\t\t\t<\/div>\n\t\t<div class=\"elementor-element elementor-element-4551744 e-con-full e-flex e-con e-child\" data-id=\"4551744\" data-element_type=\"container\">\n\t\t<div class=\"elementor-element elementor-element-1097010 e-con-full e-flex e-con e-child\" data-id=\"1097010\" data-element_type=\"container\" data-settings=\"{&quot;background_background&quot;:&quot;classic&quot;}\">\n\t\t\t\t<div class=\"elementor-element elementor-element-d08cfb0 elementor-widget elementor-widget-text-editor\" data-id=\"d08cfb0\" data-element_type=\"widget\" data-widget_type=\"text-editor.default\">\n\t\t\t\t<div class=\"elementor-widget-container\">\n\t\t\t\t\t\t\t\t\t<ul><li>Persona extranjera con autorizaci\u00f3n de estancia temporal (Dispones de visado no caducado o no han transcurrido 90 d\u00edas desde que entraste\u00a0 en Espa\u00f1a)<\/li><\/ul><p>\u00a0<\/p><p>Puedes si:<\/p><p>&#8211; Dispones de informe favorable de los servicios sociales de base<br \/>&#8211; Eres una persona embarazada y\/o menor de edad y careces de seguro m\u00e9dico privado o p\u00fablico (tarjeta sanitaria europea, por ejemplo)<\/p><p>Cuando cumples cualquiera de las dos opciones anteriores tienes derecho a asistencia sanitaria p\u00fablica.<\/p><p>Si no es el caso, podr\u00e1s recibir asistencia sanitaria, pero te ser\u00e1 facturada o puedes llamar a los servicios de M\u00e9dicos del Mundo en Bilbao o en Vitoria.<\/p>\t\t\t\t\t\t\t\t<\/div>\n\t\t\t\t<\/div>\n\t\t\t\t<\/div>\n\t\t<div class=\"elementor-element elementor-element-8f3a989 e-con-full elementor-hidden-mobile e-flex e-con e-child\" data-id=\"8f3a989\" data-element_type=\"container\">\n\t\t\t\t<\/div>\n\t\t\t\t<\/div>\n\t\t<div class=\"elementor-element elementor-element-86fa72a e-con-full e-flex e-con e-child\" data-id=\"86fa72a\" data-element_type=\"container\">\n\t\t<div class=\"elementor-element elementor-element-c2095af e-con-full e-flex e-con e-child\" data-id=\"c2095af\" data-element_type=\"container\" data-settings=\"{&quot;background_background&quot;:&quot;classic&quot;}\">\n\t\t\t\t<div class=\"elementor-element elementor-element-33f75ce elementor-widget elementor-widget-text-editor\" data-id=\"33f75ce\" data-element_type=\"widget\" data-widget_type=\"text-editor.default\">\n\t\t\t\t<div class=\"elementor-widget-container\">\n\t\t\t\t\t\t\t\t\t<ul><li>Personas extranjera sin permiso de residencia.<\/li><\/ul><p>&#8211; Si est\u00e1s empadronada\/o en un municipio de Euskadi y has vivido durante m\u00e1s de 3 meses<br \/>&#8211; Si dispones de informe favorable de ONG, puedes solicitar la TIS provisional<\/p>\t\t\t\t\t\t\t\t<\/div>\n\t\t\t\t<\/div>\n\t\t\t\t<\/div>\n\t\t<div class=\"elementor-element elementor-element-b4cc568 e-con-full elementor-hidden-mobile e-flex e-con e-child\" data-id=\"b4cc568\" data-element_type=\"container\">\n\t\t\t\t<\/div>\n\t\t\t\t<\/div>\n\t\t<div class=\"elementor-element elementor-element-4a0a6b1 e-con-full e-flex e-con e-child\" data-id=\"4a0a6b1\" data-element_type=\"container\">\n\t\t<div class=\"elementor-element elementor-element-b8cf554 e-con-full e-flex e-con e-child\" data-id=\"b8cf554\" data-element_type=\"container\" data-settings=\"{&quot;background_background&quot;:&quot;classic&quot;}\">\n\t\t\t\t<div class=\"elementor-element elementor-element-3748b78 elementor-widget elementor-widget-text-editor\" data-id=\"3748b78\" data-element_type=\"widget\" data-widget_type=\"text-editor.default\">\n\t\t\t\t<div class=\"elementor-widget-container\">\n\t\t\t\t\t\t\t\t\t<ul><li>Cualquier persona con documento de identidad\u00a0 (pass\/NIE\/DNI) que no tenga padr\u00f3n, pero que pueda sustituirlo a trav\u00e9s de alguno de estos documentos:<\/li><\/ul><p>\u00a0<\/p><p>1. La solicitud de empadronamiento en un ayuntamiento de la CAE y la respuesta denegatoria de \u00e9ste. La denegaci\u00f3n tendr\u00e1 que haber sido emitida como m\u00e1ximo tres meses antes de la fecha de solicitud de aseguramiento.<\/p><p>2. Un certificado del registro de visitas emitido por un servicio social de base de un ayuntamiento de la CAE donde consten m\u00e1s de una visita en el plazo de tres meses anteriores a la fecha de la solicitud de aseguramiento.<\/p><p>3. Un certificado de matriculaci\u00f3n en centro educativo p\u00fablico o concertado de la CAE con fecha anterior en tres meses a la fecha de la solicitud de aseguramiento.<\/p><p>4. Un certificado de escolarizaci\u00f3n de los hijos en centro educativo p\u00fablico o concertado de la CAE con fecha m\u00e1xima anterior en tres meses a la fecha de la solicitud de aseguramiento. En este caso se debe aportar documentaci\u00f3n acreditativa de la filiaci\u00f3n.<\/p><p>5. Un registro de asistencias m\u00e9dicas en Osakidetza donde figuren m\u00e1s de una asistencia m\u00e9dica con fecha m\u00e1xima anterior en tres meses a la fecha de la solicitud de aseguramiento.<\/p><p>\u00a06. Un documento acreditativo de percepci\u00f3n de ayudas sociales de alguna instituci\u00f3n\/entidad de la CAE donde conste la percepci\u00f3n de esas ayudas en una fecha anterior en tres meses a la fecha de la solicitud de aseguramiento.<\/p>\t\t\t\t\t\t\t\t<\/div>\n\t\t\t\t<\/div>\n\t\t\t\t<\/div>\n\t\t<div class=\"elementor-element elementor-element-1165853 e-con-full e-flex e-con e-child\" data-id=\"1165853\" data-element_type=\"container\">\n\t\t\t\t<\/div>\n\t\t\t\t<\/div>\n\t\t\t\t\t<\/div>\n\t\t\t\t<\/div>\n\t\t\t\t<\/div>","protected":false},"excerpt":{"rendered":"<p>\u00bfQui\u00e9n puede acceder a los servicios de salud? Ciudadan@s residentes en la Comunidad Aut\u00f3noma de Euskadi Solicitantes de protecci\u00f3n internacional siempre que dispongas de\u2028 a\/ Tarjeta Roja (documento acreditativo de la condici\u00f3n de solicitante en tramitaci\u00f3n de protecci\u00f3n internacional) ob\/ Tarjeta Verde (solicitante de estatuto de ap\u00e1trida en Espa\u00f1a) oc\/ Resguardo de presentaci\u00f3n de solicitud [&hellip;]<\/p>","protected":false},"author":1,"featured_media":0,"parent":0,"menu_order":0,"comment_status":"closed","ping_status":"closed","template":"","meta":{"footnotes":""},"class_list":["post-11","page","type-page","status-publish","hentry"],"_links":{"self":[{"href":"https:\/\/accesoalasalud.euskadi.medicosdelmundo.org\/en_us\/wp-json\/wp\/v2\/pages\/11","targetHints":{"allow":["GET"]}}],"collection":[{"href":"https:\/\/accesoalasalud.euskadi.medicosdelmundo.org\/en_us\/wp-json\/wp\/v2\/pages"}],"about":[{"href":"https:\/\/accesoalasalud.euskadi.medicosdelmundo.org\/en_us\/wp-json\/wp\/v2\/types\/page"}],"author":[{"embeddable":true,"href":"https:\/\/accesoalasalud.euskadi.medicosdelmundo.org\/en_us\/wp-json\/wp\/v2\/users\/1"}],"replies":[{"embeddable":true,"href":"https:\/\/accesoalasalud.euskadi.medicosdelmundo.org\/en_us\/wp-json\/wp\/v2\/comments?post=11"}],"version-history":[{"count":8,"href":"https:\/\/accesoalasalud.euskadi.medicosdelmundo.org\/en_us\/wp-json\/wp\/v2\/pages\/11\/revisions"}],"predecessor-version":[{"id":81,"href":"https:\/\/accesoalasalud.euskadi.medicosdelmundo.org\/en_us\/wp-json\/wp\/v2\/pages\/11\/revisions\/81"}],"wp:attachment":[{"href":"https:\/\/accesoalasalud.euskadi.medicosdelmundo.org\/en_us\/wp-json\/wp\/v2\/media?parent=11"}],"curies":[{"name":"wp","href":"https:\/\/api.w.org\/{rel}","templated":true}]}}

¿Quién puede acceder a los servicios de salud?

<div data-elementor-type="wp-page" data-elementor-id="11" class="elementor elementor-11" data-elementor-post-type="page">
				<div class="elementor-element elementor-element-1d29642 e-flex e-con-boxed e-con e-parent" data-id="1d29642" data-element_type="container" data-settings="{&quot;background_background&quot;:&quot;classic&quot;}">
					<div class="e-con-inner">
		<div class="elementor-element elementor-element-897c7f0 e-con-full e-flex e-con e-child" data-id="897c7f0" data-element_type="container">
				<div class="elementor-element elementor-element-99b126f elementor-widget elementor-widget-heading" data-id="99b126f" data-element_type="widget" data-widget_type="heading.default">
				<div class="elementor-widget-container">
					<h2 class="elementor-heading-title elementor-size-default">¿Quién puede acceder a los servicios de salud?</h2>				</div>
				</div>
				</div>
		<div class="elementor-element elementor-element-5842947 e-con-full elementor-hidden-mobile e-flex e-con e-child" data-id="5842947" data-element_type="container">
				</div>
					</div>
				</div>
		<div class="elementor-element elementor-element-cc1981b e-flex e-con-boxed e-con e-parent" data-id="cc1981b" data-element_type="container">
					<div class="e-con-inner">
		<div class="elementor-element elementor-element-766205c e-con-full e-flex e-con e-child" data-id="766205c" data-element_type="container">
		<div class="elementor-element elementor-element-e0b05fb e-con-full e-flex e-con e-child" data-id="e0b05fb" data-element_type="container" data-settings="{&quot;background_background&quot;:&quot;classic&quot;}">
				<div class="elementor-element elementor-element-7247bf6 elementor-widget elementor-widget-text-editor" data-id="7247bf6" data-element_type="widget" data-widget_type="text-editor.default">
				<div class="elementor-widget-container">
									<ul><li>Ciudadan@s residentes en la Comunidad Autónoma de Euskadi</li></ul>								</div>
				</div>
				</div>
		<div class="elementor-element elementor-element-d0df527 e-con-full elementor-hidden-mobile e-flex e-con e-child" data-id="d0df527" data-element_type="container">
				</div>
				</div>
		<div class="elementor-element elementor-element-7bd96f2 e-con-full e-flex e-con e-child" data-id="7bd96f2" data-element_type="container">
		<div class="elementor-element elementor-element-aed0849 e-con-full e-flex e-con e-child" data-id="aed0849" data-element_type="container" data-settings="{&quot;background_background&quot;:&quot;classic&quot;}">
				<div class="elementor-element elementor-element-494cbcc elementor-widget elementor-widget-text-editor" data-id="494cbcc" data-element_type="widget" data-widget_type="text-editor.default">
				<div class="elementor-widget-container">
									<ul><li>Solicitantes de protección internacional siempre que dispongas de </li></ul><p><br />a/ Tarjeta Roja (documento acreditativo de la condición de solicitante en tramitación de protección internacional) o<br />b/ Tarjeta Verde (solicitante de estatuto de apátrida en España) o<br />c/ Resguardo de presentación de solicitud de protección internacional</p>								</div>
				</div>
				</div>
		<div class="elementor-element elementor-element-9d0622c e-con-full elementor-hidden-mobile e-flex e-con e-child" data-id="9d0622c" data-element_type="container">
				</div>
				</div>
		<div class="elementor-element elementor-element-13a5c4a e-con-full e-flex e-con e-child" data-id="13a5c4a" data-element_type="container">
		<div class="elementor-element elementor-element-1c111da e-con-full e-flex e-con e-child" data-id="1c111da" data-element_type="container" data-settings="{&quot;background_background&quot;:&quot;classic&quot;}">
				<div class="elementor-element elementor-element-525df2b elementor-widget elementor-widget-text-editor" data-id="525df2b" data-element_type="widget" data-widget_type="text-editor.default">
				<div class="elementor-widget-container">
									<ul><li>Persona extranjera con autorización de estancia temporal (Dispones de visado no caducado o no han transcurrido 90 días desde que entraste  en España)</li></ul><p>Puedes si:</p><p>&#8211; Dispones de informe favorable de los servicios sociales de base<br />&#8211; Eres una persona embarazada y/o menor de edad y careces de seguro médico privado o público (tarjeta sanitaria europea, por ejemplo)</p><p>Cuando cumples cualquiera de las dos opciones anteriores tienes derecho a asistencia sanitaria pública.</p><p>Si no es el caso, podrás recibir asistencia sanitaria, pero te será facturada o puedes llamar a los servicios de Médicos del Mundo en Bilbao o en Vitoria.</p>								</div>
				</div>
				</div>
		<div class="elementor-element elementor-element-ebd6974 e-con-full elementor-hidden-mobile e-flex e-con e-child" data-id="ebd6974" data-element_type="container">
				</div>
				</div>
		<div class="elementor-element elementor-element-c5f7de5 e-con-full e-flex e-con e-child" data-id="c5f7de5" data-element_type="container">
		<div class="elementor-element elementor-element-f6794aa e-con-full e-flex e-con e-child" data-id="f6794aa" data-element_type="container" data-settings="{&quot;background_background&quot;:&quot;classic&quot;}">
				<div class="elementor-element elementor-element-ababd13 elementor-widget elementor-widget-text-editor" data-id="ababd13" data-element_type="widget" data-widget_type="text-editor.default">
				<div class="elementor-widget-container">
									<ul><li>Solicitantes de protección internacional siempre que dispongas de </li></ul><p><br />a/ Tarjeta Roja (documento acreditativo de la condición de solicitante en tramitación de protección internacional) o<br />b/ Tarjeta Verde (solicitante de estatuto de apátrida en España) o<br />c/ Resguardo de presentación de solicitud de protección internacional</p>								</div>
				</div>
				</div>
		<div class="elementor-element elementor-element-47eaa23 e-con-full elementor-hidden-mobile e-flex e-con e-child" data-id="47eaa23" data-element_type="container">
				</div>
				</div>
		<div class="elementor-element elementor-element-4551744 e-con-full e-flex e-con e-child" data-id="4551744" data-element_type="container">
		<div class="elementor-element elementor-element-1097010 e-con-full e-flex e-con e-child" data-id="1097010" data-element_type="container" data-settings="{&quot;background_background&quot;:&quot;classic&quot;}">
				<div class="elementor-element elementor-element-d08cfb0 elementor-widget elementor-widget-text-editor" data-id="d08cfb0" data-element_type="widget" data-widget_type="text-editor.default">
				<div class="elementor-widget-container">
									<ul><li>Persona extranjera con autorización de estancia temporal (Dispones de visado no caducado o no han transcurrido 90 días desde que entraste  en España)</li></ul><p> </p><p>Puedes si:</p><p>&#8211; Dispones de informe favorable de los servicios sociales de base<br />&#8211; Eres una persona embarazada y/o menor de edad y careces de seguro médico privado o público (tarjeta sanitaria europea, por ejemplo)</p><p>Cuando cumples cualquiera de las dos opciones anteriores tienes derecho a asistencia sanitaria pública.</p><p>Si no es el caso, podrás recibir asistencia sanitaria, pero te será facturada o puedes llamar a los servicios de Médicos del Mundo en Bilbao o en Vitoria.</p>								</div>
				</div>
				</div>
		<div class="elementor-element elementor-element-8f3a989 e-con-full elementor-hidden-mobile e-flex e-con e-child" data-id="8f3a989" data-element_type="container">
				</div>
				</div>
		<div class="elementor-element elementor-element-86fa72a e-con-full e-flex e-con e-child" data-id="86fa72a" data-element_type="container">
		<div class="elementor-element elementor-element-c2095af e-con-full e-flex e-con e-child" data-id="c2095af" data-element_type="container" data-settings="{&quot;background_background&quot;:&quot;classic&quot;}">
				<div class="elementor-element elementor-element-33f75ce elementor-widget elementor-widget-text-editor" data-id="33f75ce" data-element_type="widget" data-widget_type="text-editor.default">
				<div class="elementor-widget-container">
									<ul><li>Personas extranjera sin permiso de residencia.</li></ul><p>&#8211; Si estás empadronada/o en un municipio de Euskadi y has vivido durante más de 3 meses<br />&#8211; Si dispones de informe favorable de ONG, puedes solicitar la TIS provisional</p>								</div>
				</div>
				</div>
		<div class="elementor-element elementor-element-b4cc568 e-con-full elementor-hidden-mobile e-flex e-con e-child" data-id="b4cc568" data-element_type="container">
				</div>
				</div>
		<div class="elementor-element elementor-element-4a0a6b1 e-con-full e-flex e-con e-child" data-id="4a0a6b1" data-element_type="container">
		<div class="elementor-element elementor-element-b8cf554 e-con-full e-flex e-con e-child" data-id="b8cf554" data-element_type="container" data-settings="{&quot;background_background&quot;:&quot;classic&quot;}">
				<div class="elementor-element elementor-element-3748b78 elementor-widget elementor-widget-text-editor" data-id="3748b78" data-element_type="widget" data-widget_type="text-editor.default">
				<div class="elementor-widget-container">
									<ul><li>Cualquier persona con documento de identidad  (pass/NIE/DNI) que no tenga padrón, pero que pueda sustituirlo a través de alguno de estos documentos:</li></ul><p> </p><p>1. La solicitud de empadronamiento en un ayuntamiento de la CAE y la respuesta denegatoria de éste. La denegación tendrá que haber sido emitida como máximo tres meses antes de la fecha de solicitud de aseguramiento.</p><p>2. Un certificado del registro de visitas emitido por un servicio social de base de un ayuntamiento de la CAE donde consten más de una visita en el plazo de tres meses anteriores a la fecha de la solicitud de aseguramiento.</p><p>3. Un certificado de matriculación en centro educativo público o concertado de la CAE con fecha anterior en tres meses a la fecha de la solicitud de aseguramiento.</p><p>4. Un certificado de escolarización de los hijos en centro educativo público o concertado de la CAE con fecha máxima anterior en tres meses a la fecha de la solicitud de aseguramiento. En este caso se debe aportar documentación acreditativa de la filiación.</p><p>5. Un registro de asistencias médicas en Osakidetza donde figuren más de una asistencia médica con fecha máxima anterior en tres meses a la fecha de la solicitud de aseguramiento.</p><p> 6. Un documento acreditativo de percepción de ayudas sociales de alguna institución/entidad de la CAE donde conste la percepción de esas ayudas en una fecha anterior en tres meses a la fecha de la solicitud de aseguramiento.</p>								</div>
				</div>
				</div>
		<div class="elementor-element elementor-element-1165853 e-con-full e-flex e-con e-child" data-id="1165853" data-element_type="container">
				</div>
				</div>
					</div>
				</div>
				</div>

<p>¿Quién puede acceder a los servicios de salud? Ciudadan@s residentes en la Comunidad Autónoma de Euskadi Solicitantes de protección internacional siempre que dispongas de  a/ Tarjeta Roja (documento acreditativo de la condición de solicitante en tramitación de protección internacional) ob/ Tarjeta Verde (solicitante de estatuto de apátrida en España) oc/ Resguardo de presentación de solicitud [&hellip;]</p>
